








{"id":889,"date":"2021-07-21T14:24:23","date_gmt":"2021-07-21T17:24:23","guid":{"rendered":"https:\/\/contecsi.submissao.com.br\/18\/?page_id=889"},"modified":"2021-09-01T00:11:55","modified_gmt":"2021-09-01T03:11:55","slug":"instrucoes-para-gravacao-do-video-de-apresentacao","status":"publish","type":"page","link":"https:\/\/contecsi.submissao.com.br\/18\/instrucoes-para-gravacao-do-video-de-apresentacao\/","title":{"rendered":"Instru\u00e7\u00f5es para Grava\u00e7\u00e3o do V\u00eddeo de Apresenta\u00e7\u00e3o"},"content":{"rendered":"\t\t<div data-elementor-type=\"wp-page\" data-elementor-id=\"889\" class=\"elementor elementor-889\" data-elementor-settings=\"[]\">\n\t\t\t\t\t\t\t<div class=\"elementor-section-wrap\">\n\t\t\t\t\t\t\t<section class=\"elementor-section elementor-top-section elementor-element elementor-element-1d1a4fea elementor-section-boxed elementor-section-height-default elementor-section-height-default\" data-id=\"1d1a4fea\" data-element_type=\"section\">\n\t\t\t\t\t\t<div class=\"elementor-container elementor-column-gap-default\">\n\t\t\t\t\t<div class=\"elementor-column elementor-col-100 elementor-top-column elementor-element elementor-element-2dab04dc\" data-id=\"2dab04dc\" data-element_type=\"column\">\n\t\t\t<div class=\"elementor-widget-wrap elementor-element-populated\">\n\t\t\t\t\t\t\t\t<div class=\"elementor-element elementor-element-6338332 elementor-widget elementor-widget-text-editor\" data-id=\"6338332\" data-element_type=\"widget\" data-widget_type=\"text-editor.default\">\n\t\t\t\t<div class=\"elementor-widget-container\">\n\t\t\t\t\t\t\t\t<p><strong>INSTRU\u00c7\u00d5ES PARA GRAVA\u00c7\u00c3O DO VIDEO DE APRESENTA\u00c7\u00c3O E INSER\u00c7\u00c3O NO YOUTUBE<\/strong><\/p><p>Prezado Autor<\/p><p>Fizemos algumas altera\u00e7\u00f5es na grava\u00e7\u00e3o do v\u00eddeo de apresenta\u00e7\u00e3o para o 18th CONTECSI\u00a0 em rela\u00e7\u00e3o ao 17th CONTECSI<\/p><p>A sess\u00f5es de apresenta\u00e7\u00e3o do 18th CONTECSI Virtual ocorrer\u00e3o de forma similar ao realizado no 17th CONTECSI VIRTUAL em 2020.<\/p><p>Cada sess\u00e3o ter\u00e1 um moderador e v\u00e1rios autores. Em cada sess\u00e3o haver\u00e1 a exibi\u00e7\u00e3o dos v\u00eddeos com a presen\u00e7a obrigat\u00f3ria dos autores seguido de discuss\u00e3o. \u00a0O numero de trabalhos por sess\u00e3o e o numero e hor\u00e1rios das sess\u00f5es ser\u00e3o divulgados oportunamente na aba PROGRAMA deste portal.<\/p><p><strong>Altera\u00e7\u00f5es em rela\u00e7\u00e3o ao 17th CONTECSI 2020<\/strong><\/p><p>Visando a constante melhoria do CONTECSI foram introduzidas algumas altera\u00e7\u00f5es para as quais solicitamos a leitura completa das recomenda\u00e7\u00f5es e regras que v\u00e3o abaixo.\u00a0<\/p><p>1- <strong>O v\u00eddeo deve ter a dura\u00e7\u00e3o m\u00e1xima de 8 minutos<\/strong>.<\/p><p><strong>Recomendamos fortemente que os v\u00eddeos sejam gravados\u00a0 <\/strong>com a utiliza\u00e7\u00e3o do ZOOM gratuito, e de acordo com o Manual para grava\u00e7\u00e3o do v\u00eddeo de apresenta\u00e7\u00e3o que est\u00e1 abaixo..\u00a0\u00a0 A grava\u00e7\u00e3o no ZOOM gratuito deve ser feita como uma sess\u00e3o de reuni\u00e3o onde apenas o autor exp\u00f5e o trabalho utilizando o modelo de slides explicado no item 3 a seguir. H\u00e1 na internet in\u00fameras grava\u00e7\u00f5es p\u00fablicas mostrando como utilizar o ZOOM gratuito.<\/p><p><b>Observa\u00e7\u00e3o: O v\u00eddeo deve ser gravado obrigat\u00f3riamente\u00a0 pelo autor participante pagante.\u00a0 Al\u00e9m do autor participante pagante a grava\u00e7\u00e3o poder\u00e1 incluir\u00a0 um ou mais coautores.\u00a0 \u00a0Em qualquer caso \u00e9 obrigat\u00f3ria a participa\u00e7\u00e3o majorit\u00e1ria do autor participante pagante.<\/b><\/p><p><strong>Caso o autor utilize outro software para a grava\u00e7\u00e3o,\u00a0 o v\u00eddeo resultante\u00a0 necessita ter boa qualidade ( Full HD-1080p) e extens\u00e3o .mp4, \u00a0e seguir todas as regras deste manual.\u00a0<\/strong><\/p><h4><strong>2-\u00a0 Para a grava\u00e7\u00e3o utilizar o MODELO\u00a0 DE SLIDES DE APRESENTA\u00c7\u00c3O PARA UTILIZA\u00c7\u00c3O NA GRAVA\u00c7\u00c3O DO VIDEO<\/strong>\u00a0 juntamente com as regras que v\u00e3o abaixo\u00a0 descritas no MANUAL PARA GRAVA\u00c7\u00c3O DO VIDEO PARA O 18TH CONTECSI VIRTUAL.\u00a0 Entre\u00a0 <strong><a href=\"https:\/\/contecsi.submissao.com.br\/18\/wp-content\/uploads\/sites\/2\/2021\/08\/MODELO-SLIDES-PARA-GRAVACAO-DO-VIDEO-18TH-CONTECSI-V3-2.pptx\">AQUI<\/a><\/strong>\u00a0\u00a0<span style=\"color: #000080;\"><strong>\u00a0\u00a0<\/strong><\/span>para baixar o modelo de slides.<\/h4><p>Abrir os slides e seguir as explica\u00e7\u00f5es constantes nas primeiras duas pagina. Terminados os slides, seguir os passos descritos no MANUAL PARA ELABORA\u00c7\u00c3O DO VIDEO abaixo.<\/p><p><strong>3 \u2013 A URL (link) \u00a0do V\u00eddeo \u00a0deve ser colada pelo autor no espa\u00e7o apropriado de sua submiss\u00e3o, no sistema do 18th CONTECSI. Ver Passo 8 do Manual abaixo.<br \/>N\u00c3O ENVIAR POR EMAIL<\/strong><\/p><h4><strong>Manual para grava\u00e7\u00e3o do v\u00eddeo de apresenta\u00e7\u00e3o 18th CONTECSI VIRTUAL<\/strong><\/h4><p>Preparamos este manual para guia-lo na execu\u00e7\u00e3o da grava\u00e7\u00e3o do v\u00eddeo referente ao seu trabalho aprovado. Cada trabalho aceito deve ter o v\u00eddeo especifico, ou seja, individualizado. \u00a0Este manual \u00e9 propriedade do 18th CONTECSI \u2013 INTERNATIONAL CONFERENCE ON INFORMATION SYSTEMS AND TECHNOLOGY MANAGEMENT ISSN 2448-1041<\/p><p>Ap\u00f3s a grava\u00e7\u00e3o o video deve ser inserido no Youtube conforme explicado abaixo.<\/p><p>Solicitamos que leia atentamente todas as instru\u00e7\u00f5es antes de iniciar a grava\u00e7\u00e3o.<\/p><p><strong><u>Regras obrigat\u00f3rias para o V\u00eddeo<\/u><\/strong><\/p><p><strong>Recomendamos fortemente que os v\u00eddeos sejam gravados\u00a0 com a utiliza\u00e7\u00e3o do ZOOM gratuito. <\/strong><\/p><p><strong>Caso o autor utilize outro software para a grava\u00e7\u00e3o,\u00a0 o v\u00eddeo resultante\u00a0 necessita ter boa qualidade ( Full HD-1080p) e extens\u00e3o .mp4, \u00a0e seguir todas as regras deste manual.\u00a0<\/strong><\/p><p><strong><br \/><\/strong>&#8211; <strong>O v\u00eddeo deve ter a dura\u00e7\u00e3o m\u00e1xima de 8 minutos.<\/strong><\/p><p><strong>&#8211; Para a grava\u00e7\u00e3o utilizar o MODELO\u00a0 DE SLIDES DE APRESENTA\u00c7\u00c3O PARA UTILIZA\u00c7\u00c3O NA GRAVA\u00c7\u00c3O DO VIDEO\u00a0<\/strong><\/p><p>\u2013 Resolu\u00e7\u00e3o recomendada 1080p\u00a0<\/p><p>\u2013 Recomenda\u00e7\u00e3o para estabilidade de v\u00eddeo e qualidade, utilizar trip\u00e9 para celular ou filmadora.<\/p><p>\u2013 Gravar em fundo de cor neutra, em planos (paredes ou fundos) \u00fanicos, para que n\u00e3o pegue ilumina\u00e7\u00e3o de diversos ambientes.<\/p><p>\u2013 Local de grava\u00e7\u00e3o bem iluminado.<\/p><p>\u2013 Gravar em ambiente sem ru\u00eddos ou sons \u00a0externos.<\/p><p>\u2013 Caso seja gravado com celular, gravar em horizontal com o celular distante do rosto e evitar balan\u00e7a-lo muito, pois afetar\u00e1 a qualidade final da sua apresenta\u00e7\u00e3o.<\/p><p>\u2013 <strong>Falar em voz alta (Distante do celular) para n\u00e3o perder a qualidade do \u00e1udio.<\/strong><\/p><h4><strong>Inser\u00e7\u00e3o do v\u00eddeo no Youtube &#8211; Passo a Passo<\/strong><\/h4><p>Pr\u00e9 requisito:\u00a0 \u00a0Conta no Youtube<\/p><p>\u00a0<strong>Passo 1:<\/strong><\/p><p>\u00a0Procure na parte superior direita da pagina inicial do youtube, clique no \u00edcone indicado na imagem:<\/p><p><img loading=\"lazy\" class=\"alignnone wp-image-890 size-full\" src=\"https:\/\/contecsi.submissao.com.br\/18\/wp-content\/uploads\/sites\/2\/2021\/07\/passo1.png\" alt=\"\" width=\"208\" height=\"144\" \/><\/p><p><strong>Passo 2:<\/strong><\/p><p>Clique em enviar v\u00eddeo:<\/p><p><img loading=\"lazy\" class=\"alignnone wp-image-892 size-full\" src=\"https:\/\/contecsi.submissao.com.br\/18\/wp-content\/uploads\/sites\/2\/2021\/07\/passo2.png\" alt=\"\" width=\"208\" height=\"144\" \/><\/p><p><strong>Passo 3:<\/strong><\/p><p>Clique em SELECIONAR ARQUIVOS:<\/p><p><img loading=\"lazy\" class=\"alignnone wp-image-894 size-full\" src=\"https:\/\/contecsi.submissao.com.br\/18\/wp-content\/uploads\/sites\/2\/2021\/07\/passo3.png\" alt=\"\" width=\"567\" height=\"495\" srcset=\"https:\/\/contecsi.submissao.com.br\/18\/wp-content\/uploads\/sites\/2\/2021\/07\/passo3.png 567w, https:\/\/contecsi.submissao.com.br\/18\/wp-content\/uploads\/sites\/2\/2021\/07\/passo3-300x262.png 300w\" sizes=\"(max-width: 567px) 100vw, 567px\" \/><\/p><p><strong>Passo 4:<\/strong><\/p><p>Selecione o arquivo gravado para fazer o upload no seu canal do Youtube:<\/p><p><img loading=\"lazy\" class=\"alignnone wp-image-896 size-full\" src=\"https:\/\/contecsi.submissao.com.br\/18\/wp-content\/uploads\/sites\/2\/2021\/07\/passo4.png\" alt=\"\" width=\"944\" height=\"530\" srcset=\"https:\/\/contecsi.submissao.com.br\/18\/wp-content\/uploads\/sites\/2\/2021\/07\/passo4.png 944w, https:\/\/contecsi.submissao.com.br\/18\/wp-content\/uploads\/sites\/2\/2021\/07\/passo4-300x168.png 300w, https:\/\/contecsi.submissao.com.br\/18\/wp-content\/uploads\/sites\/2\/2021\/07\/passo4-768x431.png 768w\" sizes=\"(max-width: 944px) 100vw, 944px\" \/><\/p><p><strong>Passo 5:<\/strong><\/p><p><strong>Ap\u00f3s o upload o NOMEAR O V\u00cdDEO COM O TITULO DO ARTIGO SOBRE O QUAL O AUTOR ESTA FALANDO, em seguida, clique em pr\u00f3ximo 2 vezes:<\/strong><\/p><p><img loading=\"lazy\" class=\"alignnone wp-image-900 size-full\" src=\"https:\/\/contecsi.submissao.com.br\/18\/wp-content\/uploads\/sites\/2\/2021\/07\/passo6.png\" alt=\"\" width=\"971\" height=\"848\" srcset=\"https:\/\/contecsi.submissao.com.br\/18\/wp-content\/uploads\/sites\/2\/2021\/07\/passo6.png 971w, https:\/\/contecsi.submissao.com.br\/18\/wp-content\/uploads\/sites\/2\/2021\/07\/passo6-300x262.png 300w, https:\/\/contecsi.submissao.com.br\/18\/wp-content\/uploads\/sites\/2\/2021\/07\/passo6-768x671.png 768w\" sizes=\"(max-width: 971px) 100vw, 971px\" \/><\/p><p><strong>Passo 6:<\/strong><\/p><p>Clique em N\u00c3O LISTADO e em seguida SALVAR:<\/p><p><img loading=\"lazy\" class=\"alignnone wp-image-900 size-full\" src=\"https:\/\/contecsi.submissao.com.br\/18\/wp-content\/uploads\/sites\/2\/2021\/07\/passo6.png\" alt=\"\" width=\"971\" height=\"848\" srcset=\"https:\/\/contecsi.submissao.com.br\/18\/wp-content\/uploads\/sites\/2\/2021\/07\/passo6.png 971w, https:\/\/contecsi.submissao.com.br\/18\/wp-content\/uploads\/sites\/2\/2021\/07\/passo6-300x262.png 300w, https:\/\/contecsi.submissao.com.br\/18\/wp-content\/uploads\/sites\/2\/2021\/07\/passo6-768x671.png 768w\" sizes=\"(max-width: 971px) 100vw, 971px\" \/><\/p><p><strong>Passo 7 <\/strong><\/p><p><strong> <img loading=\"lazy\" class=\"alignnone wp-image-902 size-full\" src=\"https:\/\/contecsi.submissao.com.br\/18\/wp-content\/uploads\/sites\/2\/2021\/07\/passo7.png\" alt=\"\" width=\"530\" height=\"456\" srcset=\"https:\/\/contecsi.submissao.com.br\/18\/wp-content\/uploads\/sites\/2\/2021\/07\/passo7.png 530w, https:\/\/contecsi.submissao.com.br\/18\/wp-content\/uploads\/sites\/2\/2021\/07\/passo7-300x258.png 300w\" sizes=\"(max-width: 530px) 100vw, 530px\" \/><\/strong><\/p><p><strong>Passo 8 &#8211; Final<\/strong><\/p><p><strong>REGISTRO\u00a0 DO LINK (URL) DO VIDEO no sistema.\u00a0<\/strong><\/p><p><strong>Acesse o sistema do CONTECSI em: <\/strong><a href=\"https:\/\/tecsi.submissao.com.br\/18contecsi\/login\"><strong>https:\/\/tecsi.submissao.com.br\/18contecsi\/login<\/strong><\/a><strong>\u00a0<\/strong><strong>\u00a0<\/strong><\/p><p><strong>\u00a0Entre com seu login e senha, clique em trabalhos enviados, e no trabalho correspondente ao v\u00eddeo, clique em enviar v\u00eddeo de apresenta\u00e7\u00e3o. Cole o link no campo e clique em salvar.<\/strong><\/p><p><img loading=\"lazy\" class=\"alignnone size-large wp-image-1478\" src=\"https:\/\/contecsi.submissao.com.br\/18\/wp-content\/uploads\/sites\/2\/2021\/08\/passo9-1024x405.png\" alt=\"\" width=\"1024\" height=\"405\" srcset=\"https:\/\/contecsi.submissao.com.br\/18\/wp-content\/uploads\/sites\/2\/2021\/08\/passo9-1024x405.png 1024w, https:\/\/contecsi.submissao.com.br\/18\/wp-content\/uploads\/sites\/2\/2021\/08\/passo9-300x119.png 300w, https:\/\/contecsi.submissao.com.br\/18\/wp-content\/uploads\/sites\/2\/2021\/08\/passo9-768x303.png 768w, https:\/\/contecsi.submissao.com.br\/18\/wp-content\/uploads\/sites\/2\/2021\/08\/passo9.png 1415w\" sizes=\"(max-width: 1024px) 100vw, 1024px\" \/><\/p><p><img loading=\"lazy\" class=\"alignnone size-full wp-image-1561\" src=\"https:\/\/contecsi.submissao.com.br\/18\/wp-content\/uploads\/sites\/2\/2021\/08\/salvar-link-1.png\" alt=\"\" width=\"757\" height=\"380\" srcset=\"https:\/\/contecsi.submissao.com.br\/18\/wp-content\/uploads\/sites\/2\/2021\/08\/salvar-link-1.png 757w, https:\/\/contecsi.submissao.com.br\/18\/wp-content\/uploads\/sites\/2\/2021\/08\/salvar-link-1-300x151.png 300w\" sizes=\"(max-width: 757px) 100vw, 757px\" \/><\/p><p>Marque o espa\u00e7o onde est\u00e1 escrito:<\/p><p><span style=\"color: #008080;\">Declaro que li e concordo com o Termo de autoriza\u00e7\u00e3o para veicula\u00e7\u00e3o de obra audiovisual<\/span><\/p><p>Pronto. Voc\u00ea registrou corretamente\u00a0 o link do seu v\u00eddeo . Obrigado.\u00a0<\/p>\t\t\t\t\t\t<\/div>\n\t\t\t\t<\/div>\n\t\t\t\t\t<\/div>\n\t\t<\/div>\n\t\t\t\t\t\t\t<\/div>\n\t\t<\/section>\n\t\t\t\t\t\t<\/div>\n\t\t\t\t\t<\/div>\n\t\t","protected":false},"excerpt":{"rendered":"<p>INSTRU\u00c7\u00d5ES PARA GRAVA\u00c7\u00c3O DO VIDEO DE APRESENTA\u00c7\u00c3O E INSER\u00c7\u00c3O NO YOUTUBE Prezado Autor Fizemos algumas altera\u00e7\u00f5es na grava\u00e7\u00e3o do v\u00eddeo de apresenta\u00e7\u00e3o para o 18th CONTECSI\u00a0 em rela\u00e7\u00e3o ao 17th CONTECSI A sess\u00f5es de apresenta\u00e7\u00e3o do 18th CONTECSI Virtual ocorrer\u00e3o de forma similar ao realizado no 17th CONTECSI VIRTUAL em 2020. Cada sess\u00e3o ter\u00e1 um [&hellip;]<\/p>\n","protected":false},"author":1,"featured_media":0,"parent":0,"menu_order":0,"comment_status":"closed","ping_status":"closed","template":"","meta":{"_links_to":"","_links_to_target":""},"_links":{"self":[{"href":"https:\/\/contecsi.submissao.com.br\/18\/wp-json\/wp\/v2\/pages\/889"}],"collection":[{"href":"https:\/\/contecsi.submissao.com.br\/18\/wp-json\/wp\/v2\/pages"}],"about":[{"href":"https:\/\/contecsi.submissao.com.br\/18\/wp-json\/wp\/v2\/types\/page"}],"author":[{"embeddable":true,"href":"https:\/\/contecsi.submissao.com.br\/18\/wp-json\/wp\/v2\/users\/1"}],"replies":[{"embeddable":true,"href":"https:\/\/contecsi.submissao.com.br\/18\/wp-json\/wp\/v2\/comments?post=889"}],"version-history":[{"count":103,"href":"https:\/\/contecsi.submissao.com.br\/18\/wp-json\/wp\/v2\/pages\/889\/revisions"}],"predecessor-version":[{"id":1620,"href":"https:\/\/contecsi.submissao.com.br\/18\/wp-json\/wp\/v2\/pages\/889\/revisions\/1620"}],"wp:attachment":[{"href":"https:\/\/contecsi.submissao.com.br\/18\/wp-json\/wp\/v2\/media?parent=889"}],"curies":[{"name":"wp","href":"https:\/\/api.w.org\/{rel}","templated":true}]}}